h = -4 - -4. Suppose 3*o - 17 - 7 = h. What is the highest common divisor of 24 and o?
8
Let j be -1*(-27 + -2 - (-3 - -4)). Calculate the greatest common factor of 45 and j.
15
Let y be (-8 - 2)/(-2 + 1). Suppose -v - 5*r = -70, 2*v + r = -4*r + 150. What is the greatest common factor of v and y?
10
Let h be (2/4)/((-5)/(-90)). Suppose -311 + 83 = -3*q + 3*l, 5*q - 368 = 2*l. Calculate the highest common factor of q and h.
9
Suppose -3*y = -2*y - 8. Let f = -14 - -34. What is the highest common divisor of f and y?
4
Suppose d + 2*d = 9. Suppose 2*f = -f - d. Let m be f*-1*11 - -1. What is the highest common factor of m and 84?
12
Let i be (2/1)/(-7 - -5). Let t be (-4)/((i - -3)/(-8)). Calculate the greatest common factor of 2 and t.
2
Let q be ((-30)/5)/(6/(-4)). Let y = -10 + 22. Suppose y = -3*n, -5*w + 28 = n - 8. What is the greatest common factor of q and w?
4
Let i = 6 + -9. Let y = 6 + i. Let d be (-3)/(-2)*28/y. What is the highest common divisor of d and 112?
14
Let j(s) = -2*s**3 - 17 + s**3 - 18*s - 3*s - 8*s**2 + 11*s. Let x be j(-7). Calculate the greatest common divisor of x and 28.
4
Let g(x) = 7*x - 4. Let z be g(4). Suppose -160 - 128 = -4*w. What is the greatest common factor of w and z?
24
Let m be (-32)/(-2)*(0 + 7). What is the highest common divisor of 14 and m?
14
Let r = 17 + 19. What is the highest common divisor of r and 90?
18
Suppose -4*q - 2*n = -199 - 1, 4*q - 4*n = 176. What is the highest common factor of q and 32?
16
Let t be (-176)/(-10) - (-46)/115. Suppose -4*q + 450 = 5*c, 5*c - 180 = 3*c - 4*q. Calculate the highest common divisor of c and t.
18
Suppose 2*x + 2*s - 4 = 3*x, 3*s = 3*x. Let f(l) = 4*l**3 - 4*l**2 + 5*l + 4. Let b be f(x). Calculate the greatest common divisor of b and 24.
24
Suppose 4*r - r = m + 69, 4*m - 12 = 0. Let q = 8 - 0. Calculate the greatest common divisor of r and q.
8
Let a = 118 - 46. Calculate the greatest common factor of a and 180.
36
Suppose -153 + 33 = 4*n. Let i be (n/(-7))/((-6)/(-84)). What is the greatest common factor of 24 and i?
12
Let i(s) = s**3 - 4*s**2 - 7*s + 20. Let p be i(5). What is the greatest common divisor of 110 and p?
10
Let s = 28 + -17. Suppose 0 = d - 13 - 57. Let j = 125 - d. What is the highest common divisor of s and j?
11
Let s be 2/(3*3/9). Calculate the highest common factor of 1 and s.
1
Let l(c) = -16*c - 5. Let a be l(-4). Suppose 5*r - a = 11. What is the greatest common factor of r and 98?
14
Suppose -3*b + 7*b = 12. Let y be b*((-20)/(-6) + 0). What is the greatest common factor of 5 and y?
5
Let n(z) = -z**3 + 9*z**2 - 6*z - 8. Suppose 0*l - 24 = -3*l. Let b be n(l). Calculate the greatest common divisor of b and 12.
4
Let z(n) = n**2 + 7*n - 7. Let k be z(-8). Let h be k + (2 - (-15)/3). Let v = 12 + 52. Calculate the greatest common factor of h and v.
8
Suppose 0 = -3*a - 2*r + 14, 3*r + 2*r - 20 = 0. Suppose 4*m + 20 + 8 = 4*p, -2*m = 4. Calculate the highest common divisor of a and p.
1
Let n be 2 - (7 - 3)/4. Suppose j + 3*s - 8 = -3*j, -4*j + 2*s + 28 = 0. Calculate the highest common divisor of j and n.
1
Let n = 28 - 32. Let l be (-42)/(52/16 + n). What is the greatest common divisor of 7 and l?
7
Let g be (3 - 9)*18/(1 + -2). Calculate the greatest common divisor of g and 72.
36
Suppose 15*p = 18*p - 78. Suppose -6*t = -t - 195. Calculate the highest common divisor of p and t.
13
Suppose 5*g = 2*j - 2, -5*j + 4*g - 1 - 11 = 0. Let y(c) = c. Let s be y(2). Let n be (-9)/(-2) + s/j. Calculate the highest common factor of 20 and n.
4
Suppose m + 26 = 52. What is the greatest common factor of m and 156?
26
Let r(w) = -w**3 + 4*w**2 - w - 1. Let z be r(2). Suppose -z*m = -1 - 19. Calculate the greatest common factor of 12 and m.
4
Suppose 5*w + 7 = 22. Let j(d) = d - d + 4*d**2 + w*d - 2*d**2 - 3. Let u be j(-3). Calculate the greatest common factor of u and 6.
6
Let b = 68 - 48. Calculate the highest common divisor of b and 140.
20
Let v = -45 - -115. Suppose 3*m + 3*w = -0*w + 12, v = 5*m - 5*w. What is the highest common divisor of m and 45?
9
Let o = 11 + -7. Suppose -6 + 2 = 2*m, a = -4*m - 6. Calculate the greatest common divisor of a and o.
2
Let p be (-4)/(-6)*(-45)/(-10). Let d = p + -2. What is the greatest common factor of d and 7?
1
Let u be (-15 + 6)/((-3)/55). Calculate the greatest common factor of 15 and u.
15
Suppose 12 = 47*y - 44*y. Let h = -3 - 0. Let d be 1 - 18*h/2. What is the greatest common factor of y and d?
4
Suppose -5*w + 7 = -13. Suppose 6*x = w*x + 70. Calculate the greatest common factor of x and 14.
7
Let f be 0 + (-3)/((-6)/20). Let t = -5 + 7. Calculate the greatest common factor of t and f.
2
Suppose -5*s + 20 = 0, -19 - 23 = -5*r - 3*s. Let a be -2 + -3 + (-2 - -2). Let j = a + r. Calculate the highest common divisor of 2 and j.
1
Let f(n) = -n**2 - 8*n + 16. Let d be f(-7). What is the greatest common divisor of d and 23?
23
Let g be -1*(-7 + 9) + 32/1. Calculate the highest common divisor of 240 and g.
30
Let a(g) = g**2 + 3*g - 1. Let r be a(-4). Suppose -7*c + 45 = -4*c. What is the highest common factor of r and c?
3
Let z(l) = -46*l + 5. Let k be z(-5). Suppose -y + 2*x = -130, -3*y - x + k = -155. What is the highest common divisor of y and 13?
13
Let z be (4 - 3 - 1) + 24. What is the greatest common factor of z and 192?
24
Let s be (-2)/(-6) + (-461)/(-3). Suppose -5*u + v + 56 = -13, -3*u - v + 43 = 0. Calculate the greatest common divisor of u and s.
14
Let g be (228/(-10))/(12/(-30)). Calculate the highest common factor of 19 and g.
19
Let p(x) = -x**3 - 2*x + 6*x**2 + 2*x**3 + 3*x. Suppose -4 - 5 = 3*k. Let m be p(k). What is the greatest common factor of m and 16?
8
Let q be (4 + 1)*(-4 + 5) + 4. Suppose w - 9 = 54. Calculate the greatest common factor of q and w.
9
Let v(z) = -z**3 + 5*z**2 - 3*z - 1. Let o be v(4). Suppose 17 + 1 = o*a. Let j be 6/9 - (-68)/6. What is the greatest common factor of j and a?
6
Let s = 29 + -18. Let o = 49 - 5. Calculate the highest common divisor of s and o.
11
Suppose 6 = l + 2*y, 4*l + 5*y - 16 = 8. Let j = l - 4. Suppose 3*u - j - 7 = 0. What is the highest common factor of u and 27?
3
Let z be (-84)/(-39) + -2 + 180/13. What is the greatest common divisor of 126 and z?
14
Suppose -10*x = -1005 - 45. Let m(r) = -r**3 - 2*r**2 + 6*r - 3. Let w be m(-5). Calculate the highest common divisor of x and w.
21
Let j = -17 - -7. Let p = 8 - j. Calculate the greatest common factor of p and 126.
18
Let m be (-2)/4 - (-202)/4. What is the highest common divisor of 5 and m?
5
Let f be ((-10)/(-8) + 0 + 3)*20. What is the greatest common factor of 5 and f?
5
Suppose -3*r + 2*r + 15 = 0. Calculate the highest common divisor of 30 and r.
15
Suppose 0 = 5*i - 5, -i + 21 = 6*u - u. Suppose u*h - 49 + 9 = 0. What is the highest common factor of h and 2?
2
Let b be 2 + -1 + 7 + 2. Let u = 17 + 12. Let l = u - -21. Calculate the greatest common factor of l and b.
10
Let g be (10*-1)/(4/6). Let s = g - -22. Suppose l = 6*l - 5*v - 130, -3*l = 5*v - 38. What is the greatest common factor of s and l?
7
Let d be 4 + 1 + (0 - -19). What is the highest common divisor of 192 and d?
24
Let i be (4/(-3))/(4/(-42)). Calculate the highest common factor of i and 42.
14
Let f = 4 - 3. Suppose -2 = -2*h - 0*h. What is the greatest common factor of f and h?
1
Let o(x) = 5*x**2 + 2*x + 1. Let v be o(-2). Suppose 3*d + 2*w + 2 = -d, -d + 3*w + v = 0. Let j be 11/(1/6*d). What is the highest common divisor of 11 and j?
11
Suppose 4*j - 15 = 41. Calculate the greatest common factor of 70 and j.
14
Let c = -74 + 75. Suppose -2*y + 540 = -7*y. Let z be y/(-16) + 2/8. Calculate the highest common factor of c and z.
1
Let i = 80 + 60. What is the greatest common factor of 28 and i?
28
Let y(n) = 2*n**3 - 4*n**2 + 3*n - 2. Let b be y(2). Let d be ((-165)/2)/(b/8). Let c = d + 242. What is the greatest common factor of c and 11?
11
Let w be (0 + 0 + 1)*5. Suppose 4*n = j + 12, 4*j + w*n + 45 + 45 = 0. Let q = j + 44. Calculate the greatest common factor of 60 and q.
12
Let y = 49 + -20. What is the greatest common divisor of 87 and y?
29
Suppose 3*m = h - 7, 3*h + m - 14 = -3. Suppose -2*o + h*o = -4. Let d be (-40)/(-16) - (-1)/o. What is the highest common factor of d and 18?
2
Supp